[INFO] fetching crate jpeg-decoder 0.3.0...
[INFO] checking jpeg-decoder-0.3.0 against master#e6e4f7ed1589e03bc2f6c5931c1a72e7947e8682 for beta-170-4
[INFO] extracting crate jpeg-decoder 0.3.0 into /workspace/builds/worker-0-tc2/source
[INFO] validating manifest of crates.io crate jpeg-decoder 0.3.0 on toolchain e6e4f7ed1589e03bc2f6c5931c1a72e7947e8682
[INFO] running `Command { std: CARGO_HOME="/workspace/cargo-home" RUSTUP_HOME="/workspace/rustup-home" "/workspace/cargo-home/bin/cargo" "+e6e4f7ed1589e03bc2f6c5931c1a72e7947e8682" "metadata" "--manifest-path" "Cargo.toml" "--no-deps", kill_on_drop: false }`
[INFO] removed /workspace/builds/worker-0-tc2/source/rust-toolchain
[INFO] started tweaking crates.io crate jpeg-decoder 0.3.0
[INFO] removed 0 missing tests
[INFO] finished tweaking crates.io crate jpeg-decoder 0.3.0
[INFO] tweaked toml for crates.io crate jpeg-decoder 0.3.0 written to /workspace/builds/worker-0-tc2/source/Cargo.toml
[INFO] crate crates.io crate jpeg-decoder 0.3.0 already has a lockfile, it will not be regenerated
[INFO] running `Command { std: CARGO_HOME="/workspace/cargo-home" RUSTUP_HOME="/workspace/rustup-home" "/workspace/cargo-home/bin/cargo" "+e6e4f7ed1589e03bc2f6c5931c1a72e7947e8682" "fetch" "--manifest-path" "Cargo.toml", kill_on_drop: false }`
[INFO] running `Command { std: "docker" "create" "-v" "/var/lib/crater-agent-workspace/builds/worker-0-tc2/target:/opt/rustwide/target:rw,Z" "-v" "/var/lib/crater-agent-workspace/builds/worker-0-tc2/source:/opt/rustwide/workdir:ro,Z" "-v" "/var/lib/crater-agent-workspace/cargo-home:/opt/rustwide/cargo-home:ro,Z" "-v" "/var/lib/crater-agent-workspace/rustup-home:/opt/rustwide/rustup-home:ro,Z" "-e" "SOURCE_DIR=/opt/rustwide/workdir" "-e" "CARGO_TARGET_DIR=/opt/rustwide/target" "-e" "CARGO_HOME=/opt/rustwide/cargo-home" "-e" "RUSTUP_HOME=/opt/rustwide/rustup-home" "-w" "/opt/rustwide/workdir" "-m" "1610612736" "--user" "0:0" "--network" "none" "ghcr.io/rust-lang/crates-build-env/linux@sha256:19e73879b68f455e41552ea35293514db52ea292d993f571636dbffedb77a1ee" "/opt/rustwide/cargo-home/bin/cargo" "+e6e4f7ed1589e03bc2f6c5931c1a72e7947e8682" "metadata" "--no-deps" "--format-version=1", kill_on_drop: false }`
[INFO] [stdout] 97f6ac75c578b97278b13a563b95dedc3998524e0277b6c70de18336b4ce750b
[INFO] running `Command { std: "docker" "start" "-a" "97f6ac75c578b97278b13a563b95dedc3998524e0277b6c70de18336b4ce750b", kill_on_drop: false }`
[INFO] running `Command { std: "docker" "inspect" "97f6ac75c578b97278b13a563b95dedc3998524e0277b6c70de18336b4ce750b", kill_on_drop: false }`
[INFO] running `Command { std: "docker" "rm" "-f" "97f6ac75c578b97278b13a563b95dedc3998524e0277b6c70de18336b4ce750b", kill_on_drop: false }`
[INFO] [stdout] 97f6ac75c578b97278b13a563b95dedc3998524e0277b6c70de18336b4ce750b
[INFO] running `Command { std: "docker" "create" "-v" "/var/lib/crater-agent-workspace/builds/worker-0-tc2/target:/opt/rustwide/target:rw,Z" "-v" "/var/lib/crater-agent-workspace/builds/worker-0-tc2/source:/opt/rustwide/workdir:ro,Z" "-v" "/var/lib/crater-agent-workspace/cargo-home:/opt/rustwide/cargo-home:ro,Z" "-v" "/var/lib/crater-agent-workspace/rustup-home:/opt/rustwide/rustup-home:ro,Z" "-e" "SOURCE_DIR=/opt/rustwide/workdir" "-e" "CARGO_TARGET_DIR=/opt/rustwide/target" "-e" "CARGO_INCREMENTAL=0" "-e" "RUST_BACKTRACE=full" "-e" "RUSTFLAGS=--cap-lints=forbid" "-e" "RUSTDOCFLAGS=--cap-lints=forbid" "-e" "CARGO_HOME=/opt/rustwide/cargo-home" "-e" "RUSTUP_HOME=/opt/rustwide/rustup-home" "-w" "/opt/rustwide/workdir" "-m" "1610612736" "--user" "0:0" "--network" "none" "ghcr.io/rust-lang/crates-build-env/linux@sha256:19e73879b68f455e41552ea35293514db52ea292d993f571636dbffedb77a1ee" "/opt/rustwide/cargo-home/bin/cargo" "+e6e4f7ed1589e03bc2f6c5931c1a72e7947e8682" "check" "--frozen" "--all" "--all-targets" "--message-format=json", kill_on_drop: false }`
[INFO] [stdout] c10370bcbfa45beb324d2818fa634055a372c39f95f77eadaa729246beb20f3e
[INFO] running `Command { std: "docker" "start" "-a" "c10370bcbfa45beb324d2818fa634055a372c39f95f77eadaa729246beb20f3e", kill_on_drop: false }`
[INFO] [stderr]    Compiling autocfg v1.1.0
[INFO] [stderr]    Compiling proc-macro2 v1.0.47
[INFO] [stderr]     Checking cfg-if v1.0.0
[INFO] [stderr]    Compiling unicode-ident v1.0.5
[INFO] [stderr]    Compiling quote v1.0.21
[INFO] [stderr]    Compiling syn v1.0.102
[INFO] [stderr]    Compiling wasm-bindgen-shared v0.2.83
[INFO] [stderr]    Compiling log v0.4.17
[INFO] [stderr]    Compiling crossbeam-utils v0.8.12
[INFO] [stderr]    Compiling libc v0.2.135
[INFO] [stderr]    Compiling memoffset v0.6.5
[INFO] [stderr]    Compiling serde v1.0.145
[INFO] [stderr]    Compiling once_cell v1.15.0
[INFO] [stderr]    Compiling bumpalo v3.11.0
[INFO] [stderr]    Compiling crossbeam-epoch v0.9.11
[INFO] [stderr]     Checking scopeguard v1.1.0
[INFO] [stderr]    Compiling wasm-bindgen v0.2.83
[INFO] [stderr]    Compiling memchr v2.5.0
[INFO] [stderr]    Compiling rayon-core v1.9.3
[INFO] [stderr]     Checking either v1.8.0
[INFO] [stderr]     Checking crossbeam-deque v0.8.2
[INFO] [stderr]     Checking crossbeam-channel v0.5.6
[INFO] [stderr]    Compiling num-traits v0.2.15
[INFO] [stderr]    Compiling rayon v1.5.3
[INFO] [stderr]    Compiling serde_json v1.0.86
[INFO] [stderr]     Checking num_cpus v1.13.1
[INFO] [stderr]     Checking ryu v1.0.11
[INFO] [stderr]     Checking bitflags v1.3.2
[INFO] [stderr]    Compiling serde_derive v1.0.145
[INFO] [stderr]     Checking unicode-width v0.1.10
[INFO] [stderr]     Checking plotters-backend v0.3.4
[INFO] [stderr]     Checking itoa v1.0.4
[INFO] [stderr]     Checking regex-automata v0.1.10
[INFO] [stderr]    Compiling crc32fast v1.3.2
[INFO] [stderr]     Checking adler32 v1.2.0
[INFO] [stderr]     Checking plotters-svg v0.3.3
[INFO] [stderr]     Checking textwrap v0.11.0
[INFO] [stderr]     Checking csv-core v0.1.10
[INFO] [stderr]     Checking itertools v0.10.5
[INFO] [stderr]     Checking half v1.8.2
[INFO] [stderr]     Checking byteorder v1.4.3
[INFO] [stderr]     Checking itoa v0.4.8
[INFO] [stderr]     Checking same-file v1.0.6
[INFO] [stderr]     Checking regex-syntax v0.6.27
[INFO] [stderr]     Checking cast v0.3.0
[INFO] [stderr]     Checking walkdir v2.3.2
[INFO] [stderr]     Checking deflate v0.8.6
[INFO] [stderr]     Checking plotters v0.3.4
[INFO] [stderr]     Checking clap v2.34.0
[INFO] [stderr]     Checking miniz_oxide v0.3.7
[INFO] [stderr]     Checking regex v1.6.0
[INFO] [stderr]     Checking criterion-plot v0.4.5
[INFO] [stderr]     Checking atty v0.2.14
[INFO] [stderr]     Checking bstr v0.2.17
[INFO] [stderr]     Checking serde_cbor v0.11.2
[INFO] [stderr]    Compiling wasm-bindgen-test-macro v0.3.33
[INFO] [stderr]     Checking oorandom v11.1.3
[INFO] [stderr]     Checking csv v1.1.6
[INFO] [stderr]    Compiling wasm-bindgen-backend v0.2.83
[INFO] [stderr]     Checking scoped-tls v1.0.0
[INFO] [stderr]     Checking png v0.16.8
[INFO] [stderr]     Checking jpeg-decoder v0.3.0 (/opt/rustwide/workdir)
[INFO] [stderr]     Checking tinytemplate v1.2.1
[INFO] [stderr]    Compiling wasm-bindgen-macro-support v0.2.83
[INFO] [stderr]    Compiling wasm-bindgen-macro v0.2.83
[INFO] [stderr]     Checking js-sys v0.3.60
[INFO] [stderr]     Checking console_error_panic_hook v0.1.7
[INFO] [stderr]     Checking criterion v0.3.6
[INFO] [stderr]     Checking wasm-bindgen-futures v0.4.33
[INFO] [stderr]     Checking wasm-bindgen-test v0.3.33
[INFO] [stdout] error[E0583]: file not found for module `common`
[INFO] [stdout]  --> tests/lib.rs:8:1
[INFO] [stdout]   |
[INFO] [stdout] 8 | mod common;
[INFO] [stdout]   | ^^^^^^^^^^^
[INFO] [stdout]   |
[INFO] [stdout]   = help: to create the module `common`, create file "tests/common.rs" or "tests/common/mod.rs"
[INFO] [stdout] 
[INFO] [stdout] 
[INFO] [stdout] error[E0583]: file not found for module `crashtest`
[INFO] [stdout]  --> tests/lib.rs:9:1
[INFO] [stdout]   |
[INFO] [stdout] 9 | mod crashtest;
[INFO] [stdout]   | ^^^^^^^^^^^^^^
[INFO] [stdout]   |
[INFO] [stdout]   = help: to create the module `crashtest`, create file "tests/crashtest.rs" or "tests/crashtest/mod.rs"
[INFO] [stdout] 
[INFO] [stdout] 
[INFO] [stdout] error[E0583]: file not found for module `reftest`
[INFO] [stdout]   --> tests/lib.rs:10:1
[INFO] [stdout]    |
[INFO] [stdout] 10 | mod reftest;
[INFO] [stdout]    | ^^^^^^^^^^^^
[INFO] [stdout]    |
[INFO] [stdout]    = help: to create the module `reftest`, create file "tests/reftest.rs" or "tests/reftest/mod.rs"
[INFO] [stdout] 
[INFO] [stdout] 
[INFO] [stdout] error: couldn't read benches/../tests/reftest/images/lossless/jpeg_lossless_sel1-rgb.jpg: No such file or directory (os error 2)
[INFO] [stdout]   --> benches/decoding_benchmark.rs:38:20
[INFO] [stdout]    |
[INFO] [stdout] 38 |         read_image(include_bytes!("../tests/reftest/images/lossless/jpeg_lossless_sel1-rgb.jpg"))
[INFO] [stdout]    |                    ^^^^^^^^^^^^^^^^^^^^^^^^^^^^^^^^^^^^^^^^^^^^^^^^^^^^^^^^^^^^^^^^^^^^^^^^^^^^^
[INFO] [stdout]    |
[INFO] [stdout]    = note: this error originates in the macro `include_bytes` (in Nightly builds, run with -Z macro-backtrace for more info)
[INFO] [stdout] 
[INFO] [stdout] 
[INFO] [stdout] error: couldn't read /opt/rustwide/workdir/tests/reftest/images/mozilla/jpg-progressive.jpg: No such file or directory (os error 2)
[INFO] [stdout]   --> tests/lib.rs:15:25
[INFO] [stdout]    |
[INFO] [stdout] 15 |     const FILE: &[u8] = include_bytes!(concat!(env!("CARGO_MANIFEST_DIR"), "/tests/reftest/images/mozilla/jpg-progressive.jpg"));
[INFO] [stdout]    |                         ^^^^^^^^^^^^^^^^^^^^^^^^^^^^^^^^^^^^^^^^^^^^^^^^^^^^^^^^^^^^^^^^^^^^^^^^^^^^^^^^^^^^^^^^^^^^^^^^^^^^^^^^
[INFO] [stdout]    |
[INFO] [stdout]    = note: this error originates in the macro `include_bytes` (in Nightly builds, run with -Z macro-backtrace for more info)
[INFO] [stdout] 
[INFO] [stdout] 
[INFO] [stdout] error: aborting due to previous error
[INFO] [stdout] 
[INFO] [stdout] 
[INFO] [stderr] error: could not compile `jpeg-decoder` (bench "decoding_benchmark") due to 2 previous errors
[INFO] [stderr] warning: build failed, waiting for other jobs to finish...
[INFO] [stdout] error: aborting due to 4 previous errors
[INFO] [stdout] 
[INFO] [stdout] 
[INFO] [stdout] For more information about this error, try `rustc --explain E0583`.
[INFO] [stdout] 
[INFO] [stderr] error: could not compile `jpeg-decoder` (test "lib") due to 5 previous errors
[INFO] running `Command { std: "docker" "inspect" "c10370bcbfa45beb324d2818fa634055a372c39f95f77eadaa729246beb20f3e", kill_on_drop: false }`
[INFO] running `Command { std: "docker" "rm" "-f" "c10370bcbfa45beb324d2818fa634055a372c39f95f77eadaa729246beb20f3e", kill_on_drop: false }`
[INFO] [stdout] c10370bcbfa45beb324d2818fa634055a372c39f95f77eadaa729246beb20f3e
